t m(y) = y**3 - 14*y**2 - 33*y + 30. Let c be m(16). Suppose x - 3 = -7. Let u = x + c. List the prime factors of u.
2, 5
Let k be (1 - 2) + (2 - -1). Suppose 2*v = -s + 6, 4*s = k*v + 2*s. Suppose -x = -19 - v. List the prime factors of x.
3, 7
Suppose -8*p + 6595 = -8197. List the prime factors of p.
43
Let q = 17 - 17. Suppose -n + q = -2. Suppose 114 = 3*c - n*o, -c - 4*o + 15 = -23. What are the prime factors of c?
2, 19
Let y(h) = -148*h + 10. Let b be 4*((-22)/4 + 5). List the prime factors of y(b).
2, 3, 17
Let o be (2/4)/((1 + 2)/(-42)). Let j(h) = -10*h + 4. What are the prime factors of j(o)?
2, 37
Let g(o) be the second derivative of o**4/4 - 5*o**3/3 - 2*o**2 - 6*o. What are the prime factors of g(6)?
2, 11
Let s(z) = 8*z - 39. Let i(t) = 2*t. Let y(h) = 5*i(h) + s(h). What are the prime factors of y(8)?
3, 5, 7
Let p = 83 + -75. Suppose p*j - 3*j = 745. List the prime factors of j.
149
Suppose 5*i - 15*i = -10. List the prime factors of (15*(-1)/(-12))/(i/52).
5, 13
Let u = -43 - -4. List the prime factors of ((-13)/u)/(1/84).
2, 7
Let m = -11 + 14. Let g = m - 3. Suppose c + c - 5*y - 67 = g, -3*c - 3*y = -48. List the prime factors of c.
3, 7
Let g be (-8 - -9) + 1*2. Suppose g*z - 94 = 38. Let f = z - 24. List the prime factors of f.
2, 5
Let i = 9 + -6. Suppose 5*r + 41 = -4*y - i, -2*y - 10 = r. List the prime factors of r/32 - 34/(-8).
2
Suppose -4*a = -5*l - 47, -l - 12 = 3*l. Let s be a*4/32*-6. What are the prime factors of (-4)/(-12) - 40/s?
7
Let z = -718 + 1205. What are the prime factors of z?
487
Let t be 5 + 38/(-2) + -4. What are the prime factors of (6 - 0)/(t/(-636))?
2, 53
Let z(x) = -8*x + 39. Let h be z(4). Suppose -3*u = 4*b - 413, -h*u - 5*b - 449 = -10*u. What are the prime factors of u?
11, 13
Let g(t) = 5*t - 16. Let y be g(4). Suppose 3*l = y*l - 16. What are the prime factors of l?
2
Let d = 1880 + -773. What are the prime factors of d?
3, 41
Suppose -3*d - 109 = -25. Let c be 18/(-2) + (6 - 4). Let o = c - d. List the prime factors of o.
3, 7
Let w(c) be the third derivative of -c**6/120 - c**5/60 + c**4/24 + 2*c**3/3 - 8*c**2. Let u be -2 + 1 + (-2)/1. What are the prime factors of w(u)?
19
Let r = -1295 - -2598. What are the prime factors of r?
1303
Let m(h) = 135*h**2 + 11*h - 9. What are the prime factors of m(2)?
7, 79
List the prime factors of 1/(2 - (4 - 1)) - -423.
2, 211
Let x(v) = -3*v - 14. Let t(q) = 3*q + 14. Let l(k) = -4*t(k) - 3*x(k). Let c be l(-6). What are the prime factors of 43 + -5 + c + -1?
41
Suppose -8*r + 3*r = -260. Let q be -8*(r/16)/1. Let n = q + 44. List the prime factors of n.
2, 3
Suppose -20 = 7*m - 11*m. Suppose 0 = 3*r + m*o - 27, -1 = -r + 5*o - 4*o. Let v = r + 8. List the prime factors of v.
2, 3
Let m be 1*5 - 0/(-9). Suppose -3*w - l + m = -0*w, -5 = -5*w - l. Let z = w + 29. List the prime factors of z.
29
Let p(u) = u**2 + 3*u - 67. List the prime factors of p(-16).
3, 47
Let o(m) = m**2 - 2*m. Let b be o(3). Suppose -b*c + 150 = -c. Suppose -l - 44 = -5*n + 52, -l + c = 4*n. List the prime factors of n.
19
Let x be 85/(-34)*6/5. Let a be ((3 + x)/4)/2. Suppose -4*o + 7*o - 111 = a. List the prime factors of o.
37
Suppose -3 - 3 = -2*v. Suppose 0 = z + 23*z - 144. Let f = z - v. List the prime factors of f.
3
Let g be 1/((-8)/(-18))*24. Let i = g - 35. Suppose -q + i = -0*q - 3*z, -4*z = -q + 23. List the prime factors of q.
7
Let l = -64 - -66. Suppose -5*y = l*w - 187, -4*w + 189 = 4*y + y. What are the prime factors of y?
37
Suppose 5*u - 13752 = 6183. List the prime factors of u.
3, 443
Let g(v) = -v**2 - 7*v + 18. Let k be 68/(-8) + (-1)/2. Let i be g(k). List the prime factors of (i + -2 - -5) + 44.
47
Suppose -720 = -4*r - 4*w, 0*w = 3*r + w - 542. Let a = -129 + r. Suppose 2*h + 0*h - y - 25 = 0, 5*h + y = a. What are the prime factors of h?
11
Let r = 39 + -33. Suppose -r*k + 1044 = 3*k. List the prime factors of k.
2, 29
What are the prime factors of (-10097)/(-11) - 5/(-55)?
2, 3, 17
Suppose 5*a + 5*j - 12270 = 0, -59*j = 2*a - 58*j - 4913. List the prime factors of a.
2459
Let c(d) = d**2 - 2*d - 2. Let z be c(4). Suppose -16 = z*q - 2*q. What are the prime factors of (63/(-4))/9*q?
7
What are the prime factors of 9/6*4700/75?
2, 47
Let m be 6 + -3 - (3 - 2). Let i be (-1)/(-3)*6/m. Suppose -4*v = 17 - i, -5*v = -3*s + 125. List the prime factors of s.
5, 7
Suppose -178 - 74 = 3*u + 2*p, 3*p = -2*u - 163. Let l = u - -189. List the prime factors of l.
103
Let r = -22 - -32. Let k = 14 - r. Suppose -k*b - x + 84 = 4*x, 4*b - 100 = -x. What are the prime factors of b?
2, 13
Suppose -18*b = -19521 - 7407. What are the prime factors of b?
2, 11, 17
Let s(b) = -b**2 - 16*b. Let f = -77 + 62. What are the prime factors of s(f)?
3, 5
Suppose 2*q + u = -u + 410, 0 = -q - 3*u + 195. What are the prime factors of q?
2, 3, 5, 7
Let p be -1*(-1)/2*(4 + 10). Let o(y) = y**2 - 1. Let j(k) = -2*k**2 - 3*k - 2. Let v(l) = j(l) + 3*o(l). What are the prime factors of v(p)?
23
Suppose 4*s - 15 = 1. Suppose -2*n + s*w = w - 57, 3*n - 3*w = 81. List the prime factors of n.
2, 3
Suppose r - 3*v = -1, 3*r + r - v - 7 = 0. Let j be 1*4/(-2 + 3). Suppose -i + 5 - 3 = 2*f, j*f = -3*i + r. What are the prime factors of f?
2
Let s be 75/5 + (1 - 1). Let n = s - 7. Suppose 33 = -n*d + 9*d. What are the prime factors of d?
3, 11
Let o = -170 + 1163. What are the prime factors of o?
3, 331
Let u = 3625 - -113. List the prime factors of u.
2, 3, 7, 89
Let h be ((-4)/(-6))/((-2)/(-12)). Let c be (0 - 12)/4 + -35. List the prime factors of -2*c/16*h.
19
Let x(i) = -32*i**3 + 5*i**2 + i. What are the prime factors of x(-2)?
2, 137
Let a be -5 + 2 + 1 + 6. Suppose 5*y = 10, -3*y + a = k - 2. Suppose w - 3*w + 60 = k. List the prime factors of w.
2, 3, 5
Let t(d) = -d**2 + 9*d + 10. Let u(h) be the third derivative of -h**4/12 - h**3/6 - 5*h**2. Let o be u(-4). What are the prime factors of t(o)?
2, 3
Let s = 98 + -69. List the prime factors of (s - -4)/(6/4).
2, 11
Suppose 10*q - 6*q = -q. Let j(v) = v**2 - 5*v - 2. Let m be j(6). Suppose q = m*p - 9*p + 235. List the prime factors of p.
47
Let x = 175 + -79. Let r = x - 58. List the prime factors of r.
2, 19
Let s(g) = -g**3 + 12*g**2 + 9. Let t be s(12). Let j be (-2)/(t/(252/(-8))). List the prime factors of (j - 4)*-1 + 62.
59
Let p(z) = z**2 + 6*z + 8. Let f be p(-4). Suppose 5*d - 358 - 417 = f. List the prime factors of d.
5, 31
Suppose 26 = 4*m - 2*t, -8 = 2*t + 2. Let u(y) = 5*y + 3*y**2 - 3 - 3*y + y**3 - m*y + 0*y**2. List the prime factors of u(-3).
3
Let k(p) = p**2 - 3*p + 2. Let c be k(3). Let v = 19 + 14. Suppose -l + 200 = 4*m, c*l - 117 - v = -3*m. List the prime factors of m.
2, 5
Let t = -6 - -8. Suppose 0 = t*h + 2*l - 220, 0 = -0*h + 2*h + l - 223. List the prime factors of h.
113
Suppose -37*l + 33259 = 7248. List the prime factors of l.
19, 37
Let n be (-7)/((-2)/(-3)*15/50). List the prime factors of (296/(-10))/(7/n).
2, 37
Let f(j) = j**2 - 4. Let i be f(-2). Suppose 6*l - 10*l + 1204 = i. List the prime factors of l/7 + 0/(-2).
43
Let d(k) = k**2 - 4*k - 87. What are the prime factors of d(-12)?
3, 5, 7
Let m(s) = s**3 - s**2 + 3*s - 6. Let t be m(4). Let n = t - -143. List the prime factors of n.
197
List the prime factors of (-57)/(-171) + 1 + 1078/6.
181
Let u = 131 + -19. Let d = -13 + 16. Suppose 4*k - u = 2*a, -d*k - 2*a + 84 = a. What are the prime factors of k?
2, 7
Let n(j) = -j**2 + 41*j - 1. What are the prime factors of n(21)?
419
Suppose -3*j = 20 - 26. Suppose -j*a = -7*a + 450. What are the prime factors of a?
2, 3, 5
Let u = -1117 - -2117. List the prime factors of u.
2, 5
Suppose 0*x + 2*x = 48. Suppose -m = 5*n - 314, n - 18 = 5*m + x. Let b = n + -25. What are the prime factors of b?
37
Let d(w) = -w**3 + 13*w**2 - 14*w + 14. List the prime factors of d(9).
2, 53
Let t be (-20)/(-3)*(-198)/(-15). Let m = -33 + t. What are the prime factors of m?
5, 11
Let b = -2 + -6. What are the prime factors of b/(-2) + 67 - 0?
71
Let p be 6/6*(45 + -2). Suppose 390 = -40*c + p*c. List the prime factors of c.
2, 5, 13
Let m be 4836/(-30) - (-2)/10. Let n = m - -301. What are the prime factors of n?
2, 5, 7
Let f(w) = 2*w**2 - 5*w. Let r be f(5). Let q = -25 + r. Suppose 5*k - 202 - 148 = q. Wha